1062*b + 2221. Calculate c(2).
4345
Let q(t) = -605*t**2 - 18771*t - 239. Give q(-31).
257
Let d(s) = -s**3 + s**2 - 123*s - 646. What is d(-12)?
2702
Let v(i) = 45*i - 7771. Calculate v(178).
239
Let h(u) = -u**2 - 244518*u + 14185403. Give h(58).
-5
Let t(p) = 2182*p + 80757. Determine t(-37).
23
Let i(o) = -15*o**3 + 11644*o**2 - 3191*o + 67518. What is i(776)?
6
Let z(v) = 103*v**2 - 15887*v - 12089. What is z(155)?
1
Let i(x) = -31*x**2 + 44*x + 5750. Determine i(-13).
-61
Let y(d) = -372*d + 2036. Give y(5).
176
Let p(q) = -30*q + 702. Give p(28).
-138
Let v(p) = 9*p**3 + 9*p**2 + 12*p - 10. What is v(-3)?
-208
Let s(h) = 512960*h - 37959042. Determine s(74).
-2
Let o(q) = 21602*q + 43096. What is o(-2)?
-108
Let r(t) = t**2 - 22*t - 52721. What is r(233)?
-3558
Let x(u) = 2960*u - 1562901. What is x(528)?
-21
Let j(d) = 1265980*d + 5063899. Give j(-4).
-21
Let o(u) = -5500*u - 82490. What is o(-15)?
10
Let x(b) = 1825*b - 4. Determine x(0).
-4
Let w(v) = 6294*v + 5740129. Determine w(-912).
1
Let l(w) = -13*w**2 + 1426*w + 12733. Determine l(118).
-11
Let r(n) = 447*n + 109058. What is r(-244)?
-10
Let a(s) = -45299*s + 996559. What is a(22)?
-19
Let s(w) = 5*w**2 - 424*w - 1089. Give s(88).
319
Let z(a) = -826*a + 27337. Give z(33).
79
Let r(p) = -p**3 - 26*p**2 + 252*p + 6676. Determine r(-28).
1188
Let i(w) = 4853*w - 228029. Calculate i(47).
62
Let g(j) = 3126*j + 6303. Determine g(-2).
51
Let y(w) = 20989*w + 6632519. What is y(-316)?
-5
Let l(i) = 61*i**2 + 1264*i + 2412. Calculate l(-2).
128
Let v(y) = -2*y**3 - 195*y**2 - 2683*y - 510. What is v(-81)?
300
Let u(a) = 2672*a + 37393. Give u(-14).
-15
Let d(z) = -2747*z + 2356928. Calculate d(858).
2
Let r(c) = 15*c**3 - 7*c**2 + 497*c - 2862. Give r(6).
3108
Let d(m) = 2*m**2 - 619*m + 19715. Give d(36).
23
Let v(y) = -12*y**3 + 798*y**2 - 10474*y - 44. Calculate v(18).
-8
Let u(b) = 2*b**2 - 2070*b - 60301. Give u(-29).
1411
Let p(q) = q**3 - 18*q**2 - 64*q + 1475. What is p(10)?
35
Let q(j) = -1337*j + 33428. Calculate q(25).
3
Let z(h) = -h**3 - 195*h**2 + 22*h + 3009. Determine z(-195).
-1281
Let g(h) = 3*h**2 + 268*h + 5788. Determine g(-36).
28
Let b(i) = -i**2 - 66*i + 1500. Determine b(-85).
-115
Let m(i) = -72618*i - 145235. Give m(-2).
1
Let z(s) = -6409*s + 628062. What is z(98)?
-20
Let i(t) = 27106*t + 81187. What is i(-3)?
-131
Let d(v) = 4*v**2 + 153*v - 1464. Calculate d(-46).
-38
Let t(w) = 10*w**3 - 983*w**2 + 293*w + 39. What is t(98)?
-59
Let q(k) = 26*k**3 + 199*k**2 - 245*k + 8. What is q(-9)?
-622
Let w(b) = -952629*b - 10478919. Give w(-11).
0
Let u(b) = -16*b**2 + 8*b + 697. Calculate u(0).
697
Let t(r) = r**3 + 9*r**2 + 29*r - 42. What is t(1)?
-3
Let s(m) = -157*m - 638. Determine s(-7).
461
Let r(b) = -67*b**2 + 555*b + 414. Give r(9).
-18
Let n(s) = 17*s**2 + 142*s - 1834. Give n(6).
-370
Let v(n) = -n**3 + 6*n**2 - 27*n - 19. Determine v(-4).
249
Let u(t) = -54674*t + 25423415. Determine u(465).
5
Let w(g) = -g**2 + 551*g - 46667. Give w(105).
163
Let u(t) = 2*t**3 + 44*t**2 - 457*t + 5952. What is u(-32)?
96
Let s(o) = 1444*o - 645470. What is s(447)?
-2
Let z(q) = -q**2 + 1248*q - 7472. Give z(6).
-20
Let t(o) = -15*o**2 + 1181*o - 861. Calculate t(78).
-3
Let j(x) = -x**3 + 18*x**2 + 355*x + 1270. Give j(-6).
4
Let h(u) = 24*u**2 - 6850*u - 4032. Give h(286).
-28
Let y(c) = -c**3 + 19*c**2 - 137*c + 319. Calculate y(8).
-73
Let x(s) = s**2 + 397*s - 1616. Give x(4).
-12
Let o(x) = 305*x + 281203. Determine o(-922).
-7
Let j(p) = p**3 - 146*p**2 - 2777*p - 514. What is j(-17)?
-412
Let u(z) = -z**3 - 116*z**2 + 2098*z - 6744. Determine u(12).
0
Let d(h) = -26401*h + 52738. Give d(2).
-64
Let p(t) = -t**3 - 35*t**2 + 30*t + 800. Give p(-36).
1016
Let w(b) = -2044*b - 290249. What is w(-142)?
-1
Let v(r) = 3*r**3 - 145*r**2 + 1728*r - 55. Determine v(27).
-55
Let o(k) = -7*k**3 + 6*k**2 - 17*k + 116. What is o(5)?
-694
Let h(d) = d**3 + 115*d**2 - 8*d + 12523. Calculate h(-116).
-5
Let p(h) = -4*h**3 - 206*h**2 + 96*h + 265. What is p(-52)?
681
Let d(b) = 2*b**3 + 7*b**2 - 1469*b + 11670. Give d(19).
4
Let d(k) = -k**3 - 47*k**2 - 51*k - 441. Calculate d(-46).
-211
Let g(u) = 648*u - 100533. What is g(155)?
-93
Let g(q) = q**3 + 32*q**2 + 366*q + 9357. What is g(-30)?
177
Let m(y) = 4*y**3 + 643*y**2 - 161*y - 2. Calculate m(-161).
-2
Let l(y) = -32*y**2 + 130*y + 391. Give l(5).
241
Let d(m) = -14*m**2 + 223*m - 590. What is d(6)?
244
Let h(u) = -6319*u - 44526. Give h(-7).
-293
Let l(v) = -45658*v - 273941. What is l(-6)?
7
Let m(g) = -183*g**2 + 8976*g - 446. Give m(49).
-5
Let f(h) = -h**3 + 71*h**2 - 15*h + 48. Give f(0).
48
Let l(h) = -56*h**3 - 1122*h**2 + 128*h + 3368. Give l(-20).
8
Let v(a) = -8999*a - 52289. What is v(-6)?
1705
Let c(d) = d**3 + 17*d**2 - 817*d - 795. Determine c(22).
107
Let k(t) = 4*t**3 + 7*t**2 + 64*t + 555. Give k(-10).
-3385
Let g(w) = -160798*w + 482442. Give g(3).
48
Let w(v) = 1140*v + 8791. Determine w(-7).
811
Let z(n) = 1347*n - 5522. Give z(4).
-134
Let x(b) = 8240*b - 189956. Determine x(23).
-436
Let g(v) = -2*v**3 + 60*v**2 - 29*v + 899. Determine g(30).
29
Let r(k) = -6*k**2 + 255*k - 2066. What is r(31)?
73
Let n(j) = -37*j**2 - 3764*j - 60487. Determine n(-20).
-7
Let x(t) = t**3 - 166*t**2 + 2109*t + 2882. Determine x(152).
-6
Let j(n) = n**2 + 337*n + 24609. Calculate j(-229).
-123
Let w(z) = 47947*z - 143704. Give w(3).
137
Let y(i) = 1707*i + 6888. What is y(-4)?
60
Let x(c) = c**2 - 1198*c + 221155. Determine x(228).
-5
Let k(f) = -1496*f + 35183. What is k(24)?
-721
Let p(x) = x**3 + 151*x**2 - 989*x - 170858. Give p(-150).
-8
Let q(b) = -b**3 + 439*b**2 - 496*b - 165183. Give q(437).
3
Let t(s) = -3*s**3 - 6374*s**2 + 14886*s - 6374. Give t(-2127).
7
Let t(r) = 198177*r + 990899. Give t(-5).
14
Let n(s) = 45508*s - 364069. Determine n(8).
-5
Let p(x) = x**2 + 4401*x + 170117. Determine p(-39).
-1
Let r(l) = 147*l**2 + 8051*l + 8052. Give r(-1).
148
Let v(s) = 45020*s**2 - 225100*s - 7. Calculate v(5).
-7
Let z(o) = 2*o**2 + 129*o - 6011. Calculate z(-109).
3690
Let l(a) = -a**3 - 9*a**2 - 3892*a - 43053. Determine l(-11).
1
Let n(l) = 17354*l - 86737. Calculate n(5).
33
Let p(n) = -512*n - 5646. What is p(-11)?
-14
Let u(d) = -42579*d - 383220. What is u(-9)?
-9
Let w(m) = 11*m**2 + 672*m + 5187. What is w(-52)?
-13
Let u(j) = -254*j + 20141. What is u(80)?
-179
Let z(c) = c**3 - 6*c**2 + 7*c - 70. Give z(8).
114
Let g(c) = -1213*c**2 + 8509*c + 4. Calculate g(7).
130
Let m(d) = 732*d**2 - 620*d + 5. Determine m(2).
1693
Let d(f) = 5*f**2 + 524*f + 3052. Determine d(-6).
88
Let i(s) = 47575*s - 1046686. Give i(22).
-36
Let b(k) = -k**3 + 9*k**2 + 112*k - 995. Determine b(7).
-113
Let i(j) = 2*j**3 + 114*j**2 + 431*j + 5772. What is i(-54)?
-6
Let z(h) = -h**3 + 12*h**2 - 108*h - 264. Give z(-2).
8
Let n(u) = 2466*u**2 - 6355*u - 10. Calculate n(3).
3119
Let s(b) = -2*b**3 + 485*b**2 - 2164*b + 5211. What is s(238)?
-25
Let l(y) = -780*y + 75631. Calculate l(97).
-29
Let s(a) = -226*a**3 - 25286*a**2 + 2910*a - 221. What is s(-112)?
3
Let m(v) = -v**2 - 1950*v - 337471. What is m(-192)?
65
Let w(t) = 10264*t + 41048. Give w(-4).
-8
Let c(q) = -2*q**3 - 154*q**2 - 2005*q - 3138. Give c(-61).
95
Let p(u) = -170*u**3 + 13*u**2 + 778*u - 1555. Calculate p(2).
-1307
Let b(d) = -d**2 - 283*d - 1779. Calculate b(-6).
-117
Let p(r) = -109*r**3 - 23438*r**2 - 648*r - 648. What is p(-215)?
-3
Let k(m) = m**2 - 125*m - 39236. Give k(-144).
-500
Let x(g) = -g**2 + 208*g - 6653. Give x(80).
3587
Let m(t) = 2*t**3 - 2*t**2 + 15*t - 25. What is m(5)?
250
Let p(n) = 43*n**2 + 2*n - 36. What is p(5)?
1049
Let k(h) = h**2 - 290*h + 19572. What is k(108)?
-84
Let x(k) = -20*k**2 - 354*k + 14. Calculate x(-6).
1418
Let v(q) = -q**3 - 165*q**2 - 237*q - 12042. Give v(-164).
-70
Let b(q) = q**3 - 126*q**2 - 9727*q + 1148. What is b(180)?
-112
Let h(o) = 3*o**2 + 103*o + 784. Determine h(-18).
-98
Let b(h) = 525361*h + 1576079. Calculate b(-3).
-4
Let g(x) = 3*x**2 - 2232*x + 191568. Calculate g(99).
3
Let y(o) = -o**3 + 40*o**2 - 61*o - 732. Calculate y(38).
-162
Let u(s) = -376*s**2 + 9775*s + 46. Determine u(26).
20
Let d(r) = -r**2 - 784*r - 49971. Determine d(-714).
9
Let n(k) = 3*k**3 + 4*k**2 + 7*k + 11. Calcu